g) = g**2 + 9*g + 2. Calculate u(l).
-12
Let z(v) = -v**3 - 7*v**2 - 8*v - 9. Let j(p) = -2*p**2 - 4*p. Let g = 24 - 27. Let y be j(g). Give z(y).
3
Let i(l) = l - 1. Let o(r) = 2*r - 15. Let b(c) = 4*i(c) - o(c). What is b(-7)?
-3
Suppose 5*h - 18 = -2*g - g, -16 = -2*h + g. Let y(i) be the first derivative of -i**2 + 9*i - 6. Calculate y(h).
-3
Let s(b) = -6*b + 14. Let x(y) = 18*y**2 - 9*y - 5. Let z be x(1). Determine s(z).
-10
Let j(q) = q**2 - 3. Suppose 0 = 2*g + 2, -6*g = 3*b - 11*g + 19. Suppose 2*a + 7 = -3. Let p = a - b. Give j(p).
6
Suppose 2*a = 4*t + 6 - 2, -3*a = -3*t - 3. Suppose -5*j + 17 - 12 = a. Let w(m) = -2*m**3 - 2*m**2 + 2*m - 1. Calculate w(j).
-3
Let d(c) = -c**3 + 1066*c + 2*c**3 - 5*c**2 - 1064*c - 5. Give d(4).
-13
Suppose 2*s - h + 1 = 0, 3*s = -h - 0*h + 6. Let r(b) = 2*b**2 - 3186 + 11*b + 8*b**2 - 11*b + 3185. Calculate r(s).
9
Let r be (-424)/(-32)*(-24)/(-3). Suppose 2*n + 3*z + z + 84 = 0, 2*z + r = -3*n. Let u = 29 + n. Let a(l) = 5*l + 2. Give a(u).
-13
Let m(b) = -b**2 + b - 4. Suppose 53*s = 55*s + 116. Let w = s + 61. Give m(w).
-10
Let z(s) = 9*s + 2*s**2 + 4*s + 6*s + s + 7 - 4*s. Give z(-7).
-7
Suppose -3*a - 2*r - 50 = -5*a, 4*r - 89 = -5*a. Suppose a*t - 15 = 16*t. Let b(c) = 12*c - c**t - 13*c + c**2 + 0*c**2 - 2. Give b(2).
-8
Let v = -19 + 34. Let k be ((-4)/10)/((-3)/v). Let c(r) be the third derivative of r**6/40 - r**5/30 - r**4/12 - 3*r**2. Give c(k).
12
Let f(c) = 1 - 4 + c + 6. Give f(-1).
2
Suppose -5*j + i + 29 = 0, 0*i = 2*j - 4*i - 26. Let l(b) = 1 - 8*b + 7*b**2 + 297675*b**3 + 2 - 297676*b**3. What is l(j)?
13
Suppose 2*w - 12 = -3*s + 2, 0 = -5*w + 2*s + 35. Let c(r) = -2*r**3 - 26 - 8*r + 17 - w*r**2 + r**3. Calculate c(-6).
3
Let g(i) be the third derivative of -i**8/20160 - i**7/840 - 7*i**5/20 - 12*i**2. Let v(a) be the third derivative of g(a). Determine v(-6).
0
Let p(r) = -r**3 + 4*r**2 - 3*r. Let k be p(3). Suppose -4*x = -k*x - 8. Let h(m) = m**3 + 2*m**2 - 2*m. Give h(x).
12
Suppose -p = 13 - 6. Suppose -t + 38 = 4*t - 4*v, -5*v = 5*t - 20. Let l = t + p. Let g(k) = -k**3 + 2*k**2 + 2*k + 1. Calculate g(l).
2
Let l(x) = -15*x + 0*x + 17*x - 2. Calculate l(3).
4
Let y(o) = -o**3 + 4*o**2 + 6*o + 4. Suppose 0 = -0*j + 2*j - 18. Let v(x) = -11*x**2 - 26*x + x**3 - 4 + 18*x + 3*x**2. Let t be v(j). What is y(t)?
9
Suppose 9*i = 4*i. Let l = -21 - -23. Let o(a) = 1 + 1 + i*a - a + l. Give o(6).
-2
Let g(s) be the first derivative of -5*s**3/3 - s**2/2 + s - 13. What is g(1)?
-5
Let l(t) = t**3 + 3*t**2 + t - 4. Suppose -3*b + 5 = -31. Let w = b + -16. Let n = -7 - w. Determine l(n).
-7
Suppose -10*z + 100 = 15*z. Let l = -1 + 2. Let r(t) = -l + 5 - 3*t**2 + 6*t**3 - 4*t - 5*t**3. Determine r(z).
4
Let d(w) be the second derivative of -w**5/20 - 2*w**4/3 - w**3/6 - 11*w**2/2 - 8*w. Let y be d(-8). Let r(z) = 2*z + 4. Give r(y).
-2
Let b(q) = -2 + 16*q - 4*q - 18*q - 3*q + 2*q. Calculate b(1).
-9
Let y(z) be the first derivative of -z**4/12 + 3*z**3/2 + 3*z**2/2 - 4. Let u(f) be the second derivative of y(f). Suppose 0 = 337*x - 330*x - 42. Give u(x).
-3
Let r(m) be the second derivative of -m**3/6 + 5*m**2/2 + m - 65. Give r(-7).
12
Suppose -9*r + 10*r = 5. Suppose -q = -4, -r*b + 5*q - 19 = 26. Let i(t) = -t + 2*t - 2*t - 5. Determine i(b).
0
Suppose -c - 27 = g, -g = 2*c - 4*g + 54. Let p be ((-6)/c)/((-1)/(-9)). Suppose -6 = -p*m + 6. Let q(u) = -u**2 + 5*u - 4. Determine q(m).
-10
Suppose 5*u + 5 = 2*u + 23. Let j(c) = 0*c + c**2 + 0*c. Let z(b) = b**2 + 7*b - 4. Let q(l) = -2*j(l) + z(l). Give q(u).
2
Let c(o) = -o + 17. Let d be c(15). Let t(i) = -i - 4 - 4*i + d. Let u(h) = -h + 1. Let l(n) = -t(n) + 6*u(n). Give l(6).
2
Let k(h) = -2*h + 3. Let l be 38/(-133) - 194/7. Let u be 126/l - 1/((-4)/6). Determine k(u).
9
Let a(y) = -4*y + 1. Let u be ((-10)/(-6))/((-37)/(-111)). What is a(u)?
-19
Let p = -7 + 8. Let i be p + -4 - (-14)/2. Suppose -20 = 3*r + 5*x, -2*r + 0*x + x = -i. Let j(w) = w**3 - 9. Calculate j(r).
-9
Let a(c) = c**3 - 10*c**2 + 9*c + 5. Let h(v) = v**3 + 8*v**2 + 7*v + 3. Let s be h(-7). Let o(x) = x**2 - x + 3. Let i be o(s). What is a(i)?
5
Let y(c) = 2*c**3 + 17*c**2 - 17. Let g(m) = -m**3 - 9*m**2 + 9. Let s(h) = 5*g(h) + 2*y(h). Give s(-11).
11
Let u(m) = 3*m**3 - 9*m**2 + 5*m + 6. Let w(k) = 4*k**3 - 8*k**2 + 6*k + 5. Let c(a) = -5*u(a) + 4*w(a). Let g be c(-13). Let p(v) = v + 3. What is p(g)?
6
Let w(v) = -v - 6. Suppose 80 = -5*g + 5*z, -g - 2*z = 1 + 6. Let j = 8 + g. Let d be w(j). Let s(n) = -6*n**3 - 2*n - 1. Give s(d).
7
Suppose -3*f - 45 = 2*f. Let w = f - -1. Let n(g) = -2*g + 2*g**2 + 3 - g**2 + 9*g - 11. Determine n(w).
0
Let i(s) = -5*s - 10. Let b be i(-3). Suppose b*x + 0*x = 2*x. Let y(h) be the second derivative of h**3/6 + 5*h**2/2 - 2*h. Give y(x).
5
Suppose 4*j - 5*c - 40 = 0, -2*c + 69 = 4*j + 29. Let z(k) = -j*k - 9 + 31*k**2 + k - 32*k**2. What is z(-8)?
-1
Let z(u) = -u**2 - 7*u + 21. Suppose -4*j - 21 = -5*v, 2*v - 3 = j - 0*j. Determine z(j).
3
Suppose 6*r - 88 + 178 = 0. Let k(v) = -v**3 - 15*v**2. Determine k(r).
0
Let v(r) = 6*r**3 + 10*r**2 - 9*r + 15. Let g(x) = 5*x**3 + 11*x**2 - 10*x + 14. Let t(a) = -7*g(a) + 6*v(a). Calculate t(16).
-8
Let k be ((-20)/(-60) + (-10)/3)/(-1). Let i(o) = 78*o**k - 9 - 42*o**3 + 2*o - 7*o**2 - 35*o**3. Determine i(7).
5
Let u(d) = -7*d + 8. Let m(b) = b + 2. Let f(a) = -4*m(a) - u(a). Calculate f(8).
8
Let q be ((-174)/(-29))/(2/2). Let z(v) be the second derivative of 0 - q*v + 1/20*v**5 - 1/12*v**4 + 0*v**3 - 2*v**2. Determine z(0).
-4
Let o be -1*(-4)/(-8 + 4)*-22. Let i(q) = 9*q - o*q + 10*q + 2. Suppose 0 = -5*m + 4*z + 10, -m - z = 4*z - 2. Calculate i(m).
-4
Let x(u) = -u**2 + 10*u - 12. Suppose 0*i + 15 = 3*i. Suppose -6*w = -i*w - 8. Determine x(w).
4
Let m(w) = 24*w - 1. Let a = -27 + 25. Let o be ((-1)/2)/(a + 15/10). Calculate m(o).
23
Suppose 0 = -4*s + 5*x + 20 - 6, -5*s - x = -32. Let q(g) = g**2 - 4*g + 4. Determine q(s).
16
Let y = 15 - 16. Let o be 7 - (y + (3 - 2)). Let s(a) = -3*a - 8 + a + a**3 + o*a**2 + 0*a + 0*a. Determine s(-7).
6
Let j(v) = -1 - v**2 + 22*v - 31 + 9. What is j(21)?
-2
Let f(x) = -3*x**2 + 3*x - 2. Let g(j) = j**2 - j + 1. Let w(i) = -f(i) - 2*g(i). Let n be 4/6 + (-11)/3. Let b be n*(-1 - (0 + 0)). What is w(b)?
6
Let b(s) = -s**2 + 6*s + 4. Let x be (0 - -1)/((-2)/(-6)). Suppose 10 = -x*a + 40. Suppose -3*i = -5*i + a. Give b(i).
9
Suppose -3*g + 2*v + 21 = 5*v, -2*g - 3*v = -19. Let b(c) = -g*c - 3 + 2 + 4 + c. Let p be 74/26 - 10/(-65). Give b(p).
0
Let g(m) = m**3 + 3*m**2 - 7*m - 6. Let i = -35 + 39. Suppose 0 = -k - k + 5*w + 12, 0 = -4*k + i*w. Give g(k).
6
Let g(f) = f + 2. Let z be g(5). Let k be 78/21 - (-2)/z. Let q(i) = -4*i**2 + 6 + 0*i - 3*i - i**3 + 2 - k. Give q(-3).
4
Let a(g) = 2*g - 7. Suppose 4*n + 2*i - 7 - 5 = 0, 0 = -2*n - 2*i + 2. Let j be a(n). Let z(d) = 4*d**2 + 2*d + 5*d - d**3 - d - 8*d + 2. Give z(j).
5
Suppose -42 = -3*m + 6*m. Let o = m + 19. Let v(s) = -1. Let n(h) = -4*h + 1. Let i(f) = n(f) - 3*v(f). What is i(o)?
-16
Let k(n) = -121*n - 124*n + 239*n. What is k(2)?
-12
Let s = -379 - -378. Let a(o) = -o**3 - 1. Determine a(s).
0
Let x(n) = -1 + 26627*n**2 - 26620*n**2 - 1 + 4*n. Calculate x(-2).
18
Let h(g) = g**2 + 10*g - 30. Let a be h(-13). Let c be (3 - 0)/6*(a - -5). Let j(w) = w**2 - 6*w - 4. What is j(c)?
3
Let g(a) be the third derivative of a**5/60 + 5*a**4/24 - 25*a**3/6 - 501*a**2. What is g(-8)?
-1
Let o(u) be the third derivative of -u**4/24 - 7*u**3/2 + 18*u**2 + 3*u. Calculate o(-11).
-10
Let d(f) = -11*f - 1. Suppose 7 = 11*m - 4. Give d(m).
-12
Suppose -7 + 2 = s. Let k(c) = -2*c**2 - 5*c + 7. Let r be k(s). Let m be (-8 - r)/(2/(-1)). Let u(j) = j**3 + 4*j**2 - 8*j - 7. Give u(m).
8
Let k(i) be the third derivative of -i**4/6 - i**3/6 - 2*i**2. Let z = -16 - -20. Suppose 4*b + 6*g - 6 = 5*g, 0 = -z*g + 8. Calculate k(b).
-5
Let g(u) = 45*u. Let w = 244 + -243. Determine g(w).
45
Let m(r) = -r - 4. Let f be m(-7). Let i(g) = -f*g - 1 + 6*g + 9*g**2 - 12*g**2 + 2*g**2. What is i(6)?
-19
Suppose -4*f + 8 = 4*a - 0*f, 2*f + 10 = 5*a. Let i(t) = -t + 6. Determine i(a).
4
Suppose 4*z - 3*t = -8*t - 34, -4*z - 54 = -5*t. Let y(h) = -h - 13. Give y(z).
-2
Let j(w) be the first derivative of -